e factors of g.
2, 3
Let v = 77 + -45. Let n be ((-39)/6 + -3)*2. Let a = n + v. List the prime factors of a.
13
Let u(i) be the second derivative of i**5/20 - i**4/8 - i**3/3 - i**2 - 2*i. Let w(y) be the first derivative of u(y). What are the prime factors of w(-2)?
2
Let p be 2/(-4)*(0 + -2). Suppose 0 = 4*a - 4, 4*o + a - p = -0*o. List the prime factors of 18 + (-2)/(-6)*o.
2, 3
Suppose -6 = 2*o - 0*o. What are the prime factors of 7 - ((o - 2) + 2)?
2, 5
What are the prime factors of 3 + (-2 - -3)*2?
5
Let m(j) = -j**3 - j - 17. Let t be (-6)/(-15) - (-2)/(-5). Let p be m(t). Let u = -10 - p. List the prime factors of u.
7
List the prime factors of 1101/7 + -3*(-2)/(-21).
157
Suppose i + 4 = -9. Let t = 3 - i. What are the prime factors of t?
2
List the prime factors of 0 + (-1)/(1/(-57)).
3, 19
Let i(x) = -x**2 - 6*x + 1. Let q be i(-6). Let c = q - -2. What are the prime factors of c?
3
Let s be ((-1)/2)/((-1)/(-6)). Let v be (s/2)/(6/8). What are the prime factors of (-37)/(-3) - v/(-6)?
2, 3
Suppose -3*l = -6*l + 66. What are the prime factors of l?
2, 11
List the prime factors of (24/4)/((-2)/(-3)).
3
What are the prime factors of 4/12 - (-222)/9?
5
Let r be (-1)/(12/(-11) + 1). Let f = r + 2. List the prime factors of f.
13
Let u(b) = b**3 - 5*b**2 + b + 6. Let r(o) = 8*o + 15. Let c(i) = -7*i - 14. Let p(y) = 7*c(y) + 6*r(y). Let j be p(-13). List the prime factors of u(j).
11
Let h = -11 - 17. Let y = h - -45. What are the prime factors of y?
17
Suppose 0 = 3*d - g - 4, -5*d + 4*g = g. What are the prime factors of d?
3
Let b be (-2)/(-4)*0/(-5). Let w be (-94)/(-10) + 2/(-5). Suppose g - 3 - w = b. What are the prime factors of g?
2, 3
Let z be 2 + (-3)/((-9)/(-6)). Let s be 22 - (-2 + z)/(-1). Suppose -a + 6*a = s, -2*p + 20 = -a. List the prime factors of p.
2, 3
Suppose 3*u + u - 92 = 0. Suppose 1 = 3*p - u. Let o = p - 5. List the prime factors of o.
3
Suppose 0 = -166*p + 171*p - 1155. What are the prime factors of p?
3, 7, 11
Let w = -22 + 53. What are the prime factors of w?
31
Let r(d) = d**3 - 5*d**2 - 8*d + 7. Let j be r(6). Let f(a) = -5*a - 7. What are the prime factors of f(j)?
2, 3
Suppose 2*g - 27 = 5*a + 17, -25 = a + 5*g. Let k = 3 - a. What are the prime factors of k?
13
Let k = -398 + 560. List the prime factors of k.
2, 3
Suppose -12 = -b - 0*b. Suppose i + 2*g - 9 = -g, -4*g = -i - b. Suppose 2*v - 3*v + 13 = i. List the prime factors of v.
13
Let u = -20 - -38. Let d = u + -6. List the prime factors of d.
2, 3
Suppose -2*n + 586 = -g, 8*n = 4*n + 4*g + 1176. What are the prime factors of n?
2, 73
Let g be (-1092)/20 - (-2)/(-5). What are the prime factors of 22/g + 217/5?
43
Let a(y) = -38*y**3 - 2*y**2 + 1. Let p(n) = 2*n - 9. Let k be p(4). List the prime factors of a(k).
37
Suppose -r + 4*r = 243. What are the prime factors of r?
3
Let a = -10 + 11. Let u = a + 1. Suppose u*l + 35 = 7*l. What are the prime factors of l?
7
Let q(z) = -z**2 + z + 4. Let v be q(0). Let k = 11 - v. List the prime factors of k.
7
Let q be 4/10 + 32/20. Let j = 5 - q. What are the prime factors of j?
3
Let b(q) = 20*q - 3. Let h be b(2). Let m = -15 + h. List the prime factors of m.
2, 11
Let x(t) = -2*t**3 + 6*t**2 - 3*t**3 - 8 + 4*t**3 + 5*t. List the prime factors of x(6).
2, 11
Suppose 0*l + 4*h = -5*l + 72, 5*l - 86 = 3*h. What are the prime factors of l?
2
Suppose -6*r + 2*r = -32. Suppose -n = n - r. Suppose -n*a + 63 = 7. List the prime factors of a.
2, 7
Suppose 0 = -5*a + 69 + 1. Suppose 5*d - 5 - a = 3*s, 3*d = -5*s - 9. Suppose d*k = -10, 0 = 5*u - 4*k + k - 115. What are the prime factors of u?
2, 5
Let h = -8 - -12. Suppose z + l + 12 = -4*l, -h = z + 3*l. List the prime factors of z.
2
Suppose -2*s - 3 = -3*m - 4, -2*s - 5*m - 7 = 0. List the prime factors of 2/((2/(-10))/s).
2, 5
Let d be (-6)/27 + (-110)/(-9). Let v be (0 - 1) + d/3. Suppose 4 = j - v. List the prime factors of j.
7
Suppose 36 = -2*z - 2*z. List the prime factors of (-2)/6 - 102/z.
11
Let y = 10 - 13. Let g be (-2)/3 - 26/6. List the prime factors of 17*(y - g)/2.
17
Suppose 0 = -2*v - 5*a + 493, 4*v + 0*a + 3*a - 951 = 0. List the prime factors of v.
2, 3, 13
Suppose 0 = 4*i - 2*x + 47 - 7, -3*i - 4*x - 19 = 0. Let h(v) = -2*v + 13. What are the prime factors of h(i)?
31
Suppose 0 = -5*l - 3*o + 60, 0 = o - 5*o - 20. Suppose 2*j + 5*f - 4*f = 113, 5*f - l = 0. List the prime factors of j.
5, 11
Suppose x - 1 - 5 = 0. Let j = x - 1. What are the prime factors of j?
5
Suppose -1 + 11 = 2*y. List the prime factors of y.
5
Let d = -13 - -29. List the prime factors of (d/12)/((-2)/(-3)).
2
What are the prime factors of 1 + 0 + -3 + 33?
31
Let j be (-6)/(1 + (-65)/62). Suppose -5*p + j = -86. What are the prime factors of p?
2, 3, 7
Let l(f) be the third derivative of -f**7/1680 - 11*f**6/720 + f**5/15 - f**2. Let v(s) be the third derivative of l(s). What are the prime factors of v(-9)?
2
Let l = -5 - -12. Let b(h) = -h + 14. List the prime factors of b(l).
7
What are the prime factors of 4/6 + 276/(-18)*-13?
2, 5
Let u be (0 + 0)/(6 - 5). Suppose u = -3*k - 0*k + 90. What are the prime factors of k?
2, 3, 5
Let b(z) = -z**3 - 8*z**2 - z - 3. Let l be b(-8). Suppose 2*k + 13 = -5*h + 3, -l*h = -2*k + 30. What are the prime factors of k?
5
Let k = -5 - -13. Suppose 4 = -f - 5*g, 2*g = 5*f - g - k. Suppose l + f = -u + 8, -5*l + 50 = 2*u. List the prime factors of l.
2, 3
What are the prime factors of (-6)/15 - (-1185)/25?
47
Let w be 74/7 + (-33)/(-77). Suppose 2*c = t + 3, -2*c + 0 = -4. Let y = t + w. List the prime factors of y.
2, 3
Let g(h) = -h**3 + 14*h**2 - 13*h + 16. What are the prime factors of g(13)?
2
Let m(x) = 6*x**2 + 4*x + 1. What are the prime factors of m(-4)?
3
Let m = 277 + -141. List the prime factors of 8/(-12) + m/6.
2, 11
Let v = 45 + -2. List the prime factors of v.
43
Let y be 7/(10/(-8) + 1). List the prime factors of (-83)/(-4) - (-21)/y.
2, 5
Let u(k) = k - 1. Let q be u(3). Suppose q*j - 7 - 1 = 0. Suppose 0*c + 84 = j*c. What are the prime factors of c?
3, 7
Let l = 58 - 0. List the prime factors of l.
2, 29
Let r(f) = -f**3 - 7*f**2 + 12*f + 15. List the prime factors of r(-9).
3, 23
Let m(h) = 2 - 4*h - h**3 + 0*h**3 + 2*h**2 + 4*h**3. Let j be m(2). Suppose -7 = -3*v + j. List the prime factors of v.
11
Let a = 9 - 2. Suppose a*p - 4*p = -4*i + 6, -4*i = 5*p - 10. Suppose p*d + 1 = 5. What are the prime factors of d?
2
Suppose 0 = -2*f - a, 0 = -3*f - 7*a + 3*a. Let k = 2 - f. Suppose k*m = 5*m - 30. List the prime factors of m.
2, 5
Let f = -4 - -5. Let y(c) = 5*c**3 + c - 1. Let q be y(f). Suppose q*n + 60 = 5*j, 2*n - 15 = -2*j + n. List the prime factors of j.
3
Let l = 32 - -4. List the prime factors of l.
2, 3
Let c(m) = m**2 + 10*m - 9. Let u be c(-11). Let g = u + 19. List the prime factors of g.
3, 7
Let w = 218 + -147. What are the prime factors of w?
71
Let c = 158 - 94. Let x = c - 41. What are the prime factors of x?
23
What are the prime factors of 1/3 + (-3792)/(-18) + -5?
2, 103
Suppose 2*q - 36 = -8. Suppose a + 2*j = q, 3*a - 18 = -3*j + 12. List the prime factors of a.
2, 3
Suppose z - 4 - 55 = 0. What are the prime factors of z?
59
Let m = 29 + -59. List the prime factors of m/9*18/(-4).
3, 5
Let c(w) = -16*w**3 + 2*w**2 + 2*w + 1. List the prime factors of c(-1).
17
Suppose -384 = -g - g. Suppose -8*a + 12*a - g = 0. What are the prime factors of a?
2, 3
Suppose 3*n = n. Suppose n = i - 0 + 3. What are the prime factors of (15 + (i - -1))/1?
13
Let n(b) = 6*b**3 - b**2 + 9*b - 6. What are the prime factors of n(3)?
2, 3, 29
Let r be (44/(-10))/(16/(-40)). Let d(c) = -c**3 + 12*c**2 - 7*c - 9. What are the prime factors of d(r)?
5, 7
Suppose -4*c - h + 18 = 4*h, 4*c - 4*h = 0. Suppose 3*k + 9 = 0, c*k - 26 = -2*g - 4. List the prime factors of g.
2, 7
Let f be -4*(-1 - -6 - -3). Let y = f - -63. What are the prime factors of y?
31
Let b(c) = -c**3 + 6*c**2 - 5*c + 3. Let s be b(5). Let u be 6/(-9) + 2/s. Suppose -2*x - y + 50 = 2*x, -x + 5*y + 2 = u. List the prime factors of x.
2, 3
Suppose 2*u - 6 = l - u, 5*u - 15 = 0. Suppose -l*b = 10 - 103. List the prime factors of b.
31
Let s(i) = -i + 7. Let d be s(5). Let n be (-7)/(-2) + (-2)/4. Suppose 0 = -5*l + n*l + 4*b - 12, 2 = -2*l + d*b.